 4*j = -7. Suppose 0 = -2*u + r*u - 61. What is the remainder when u is divided by 21?
19
Suppose -7*x = -0*x - 518. Calculate the remainder when x is divided by 7.
4
Suppose -2*r = 2*z - 12, 0 = -3*r - 0*r - 4*z + 16. Calculate the remainder when 15 is divided by r.
7
Let s(m) = -10*m**2 + m + 1. Let g be s(-1). Let l = g + 13. What is the remainder when 9 is divided by l?
0
Let r(u) = u**3 - 3*u**2 - 3*u. Let w be r(4). Suppose -4*z + 32 = -w*m, -3*m + 5*z - 25 = -m. What is the remainder when 13 is divided by (m + 2)*(-21)/9?
6
What is the remainder when (-36)/(-1*4/6) is divided by ((-42)/18)/((-1)/6)?
12
Suppose 2*v = 7*v - 35. What is the remainder when 18 is divided by v?
4
What is the remainder when 22 is divided by ((-3)/(-9))/((-1)/(-15))?
2
Suppose -107 = -5*q - 687. Let g = -80 - q. Calculate the remainder when 142 is divided by g.
34
Let u(r) = -r**2 + 9*r + 8. Let l be u(8). Suppose 0 = 2*a - 5*v + 17, a - 6*v + v = -l. Let t = a + 2. What is the remainder when 1 is divided by t?
0
Suppose 3 = s - 0*s, -3*t + 2*s + 87 = 0. Suppose 5*m + 2*x - 45 = 0, -5*m + x = -0*x - 60. Calculate the remainder when t is divided by m.
9
Suppose -5*c - 15 = f, -5*f - 5*c - 1 = -6. Let d(w) = 2*w**2 - 8*w - 12. Calculate the remainder when d(6) is divided by f.
2
Let l(t) = -3*t - 1. Let m(z) = z**3 - 5*z**2 + z + 1. Let c be m(5). Suppose 6 = 4*s - c. What is the remainder when l(-3) is divided by s?
2
Suppose n + n - 8 = 0. Suppose 0 = x - 1 - n. Suppose -3*m + 2*b = -x*m + 18, -3*b = 0. What is the remainder when 17 is divided by m?
8
Suppose -h = -y, 0 = 3*y - 2*y - 5*h. Suppose -z - 3*z + u - 9 = y, 2*z + 3*u = -15. What is the remainder when 5/(z*(-1)/15) is divided by 9?
7
Let o be (36/(-30))/((-6)/20). Suppose -20 = 2*j - 5*s, -o*j - 5*s = -s + 12. Let i = 31 + j. What is the remainder when i is divided by 9?
8
Let f = -9 + 24. Let r(i) = i**2 + i - 3. What is the remainder when r(-6) is divided by f?
12
Let c = 15 + 10. Calculate the remainder when 49 is divided by c.
24
Let o = 85 - 119. Let l = -20 - o. What is the remainder when 55 is divided by l?
13
Suppose 208 = 4*m - 6*l + l, -5*m = -4*l - 269. What is the remainder when m is divided by 12?
9
Let i(x) = 3*x**2 + 3*x + 2. Let y(f) = f + 16. Let t be y(-18). Calculate the remainder when i(t) is divided by 3.
2
Calculate the remainder when (4/(-6))/((-1)/60) is divided by 21.
19
Suppose 2*z = 3*c + 152, -6*z = -4*z - c - 148. Calculate the remainder when z is divided by 19.
16
Let s be 1*0/2 - 37. Let a = -9 - s. Suppose 14 + a = 2*m. Calculate the remainder when m is divided by 8.
5
Let o = 114 - 65. What is the remainder when o is divided by 13?
10
Let q = -2 + 4. Let w be ((-2)/q - -1)*-1. Suppose w = -f + 2 + 14. What is the remainder when f is divided by 9?
7
Let a = -58 - -101. Let x(d) = -d**2 - 10*d - 9. Let m be x(-6). Let i = a - m. Calculate the remainder when i is divided by 10.
8
Let v(n) = 3*n**2 - 3*n - 2. Let i be v(4). Calculate the remainder when 49 is divided by (i + 0)*(-1)/(-2).
15
Let g = -5 - -7. What is the remainder when g is divided by 0 + 1 - (18 + -19)?
0
Suppose -3*n + 4*u = -5, 5*n + 8 = n - 2*u. Let g(s) = 2*s**2 + s + 1. Let j = 12 - 7. What is the remainder when j is divided by g(n)?
1
Suppose 5*w + 4*v - 67 = 0, 3*w - 68 = -5*v - 20. What is the remainder when 30 is divided by w?
8
Let p be 1*-16 - (-2 - -2). What is the remainder when 13 is divided by (p/(-3))/((-16)/(-24))?
5
Let k(r) = r + 24. Calculate the remainder when 106 is divided by k(4).
22
Let f(a) be the second derivative of a + 17/2*a**2 + 0 - 1/12*a**4 + 0*a**3. Calculate the remainder when 33 is divided by f(0).
16
Suppose 189 = -5*f + 484. Suppose 3*t + 72 = -t. Calculate the remainder when f is divided by 6/3 - t/1.
19
Let o(x) = -4*x - 8. Calculate the remainder when 35 is divided by o(-4).
3
Let n be (-7)/28 + (-1)/(-4). Suppose 5*w + s - 55 = 2*w, 5*w + 3*s - 93 = n. Calculate the remainder when w is divided by 10.
8
Let z = 16 - 31. Let n = -4 - z. Suppose -21 + 0 = -p. Calculate the remainder when p is divided by n.
10
Suppose 0 = -2*u + u + 32. What is the remainder when u is divided by 85*(3 + (-56)/20)?
15
Let q(o) = 4*o - 6*o - 3*o**3 - 1 - 2*o**2 + o**2. What is the remainder when q(-2) is divided by 12?
11
Let u = 43 + -27. Suppose 6 = j - 3. Suppose 0*f - j = -f. What is the remainder when u is divided by f?
7
Let n = 74 + -40. Calculate the remainder when n is divided by 12.
10
Let i(l) = -l**2 + 9*l - 8. Let t be i(7). Let g = 13 - t. What is the remainder when g is divided by 3?
1
Suppose f = -f + 28. What is the remainder when f is divided by ((-3)/6)/(1/(-16))?
6
Let p(s) = s + 4. What is the remainder when 55 is divided by p(10)?
13
Suppose 2*q + 6 = 0, 3*m + 4*q + 27 = 2*m. Let b = -14 - m. Let s(d) = -d. Calculate the remainder when b is divided by s(-1).
0
Let d(u) = u - 7. Let y be d(5). Let f = 9 - y. What is the remainder when f is divided by 3?
2
Let b = 16 + -10. What is the remainder when b/(-9) - 105/(-9) is divided by 7?
4
Let l(d) = 48*d + 1. Suppose 410 - 110 = 30*u. What is the remainder when l(1) is divided by u?
9
Calculate the remainder when 133 is divided by (-5 + 2)/(-1) + 220/5.
39
Let o = 6 + 3. Let v = o + -5. Calculate the remainder when 14 is divided by v.
2
Suppose 80 = 4*g - 5*i, 2*i + 2*i + 61 = 3*g. Suppose 4*l = 2*l + 8. Suppose -l*c = c - 40. What is the remainder when g is divided by c?
7
Let s(k) = 6*k**2 + 2*k - 3. Let n be s(2). Suppose n = r - 16. Calculate the remainder when r is divided by 21.
20
Let w = 5 + -5. Suppose -2*f + 22 = -w. What is the remainder when 43 is divided by f?
10
Suppose 0*p - 4*p + 36 = 0. Let k(n) = -n**2 + 5*n. Calculate the remainder when p is divided by k(3).
3
Suppose 9*w - w = 80. What is the remainder when 27 is divided by w?
7
Let o = 58 - 10. Suppose 3*f - 5*a - 56 = 10, -5*f + 2*a = -91. What is the remainder when o is divided by f?
14
Suppose 24 = 13*c - 28. What is the remainder when 14 is divided by c?
2
Let n = -34 + 86. Let c = -25 + n. What is the remainder when 80 is divided by c?
26
Let j(b) = b - 6. Let u(q) = 3*q - 17. Let s(d) = -17*j(d) + 6*u(d). Let p be s(-2). What is the remainder when (-496)/(-24) - p/(-3) is divided by 7?
6
Let t = -46 + 62. Calculate the remainder when 93 is divided by t.
13
Let q = 47 + -16. What is the remainder when q is divided by 11?
9
Let c = -87 + 150. Calculate the remainder when c is divided by 22.
19
Let a be -5*(33/(-15) - -3). Let q(h) = h**3 + 7*h**2 + 5*h + 3. What is the remainder when q(a) is divided by 17?
14
Calculate the remainder when 86 is divided by (-34)/(-3) + (-8)/24.
9
Let k = -77 - -105. Calculate the remainder when k is divided by 18.
10
Let n(m) = 12*m**2 - 2*m + 1. Let c be n(1). Suppose 3*h = c + 1. What is the remainder when 11 is divided by h?
3
Suppose -5*o - 5*d + 84 = 9, -2*o + 5*d + 9 = 0. Calculate the remainder when 45 is divided by o.
9
Let d(c) = 6*c - 6 + c**3 - 10*c + 10*c**2 + 0*c. What is the remainder when d(-10) is divided by 18?
16
Suppose g + 5 = -3. Let t be 3/(-3)*g + 0. Suppose -o = 1, -3*a = -t*a + 5*o + 55. Calculate the remainder when a is divided by 6.
4
Suppose 42 = 4*f + 3*f. What is the remainder when 13 is divided by f?
1
Suppose 37 = 2*m + 11. Let t = m - 8. Suppose -p = -0*p + j - 35, 175 = 5*p - t*j. What is the remainder when p is divided by 12?
11
Suppose 0 = -5*k - 5*n + 50, -2*n = -4*k - 0*n + 40. Let y = -7 + k. Suppose 0*p + 15 = y*p. What is the remainder when p is divided by 2?
1
Calculate the remainder when 36 is divided by 1496/77 + (-1)/(-7)*-3.
17
Suppose -l + 52 = 5*u, -u + 3*l + 3 + 1 = 0. Suppose 0 = 2*p - 3*p + 17. What is the remainder when p is divided by u?
7
Let z = -10 - -15. Let p(u) = u**2 + 2*u - 2. Calculate the remainder when p(-5) is divided by z.
3
Let x(n) = 2*n**2 - 7*n + 1. Suppose -i - 2*i + 15 = 0. Calculate the remainder when x(i) is divided by 9.
7
Suppose -88 + 256 = 4*h. Let m = 37 - 67. Let j = m + h. What is the remainder when 35 is divided by j?
11
Let a = -4 + 6. Suppose 1 = 3*y - a*y. Let q(o) = 5*o**2 + 2*o - 1. What is the remainder when 10 is divided by q(y)?
4
Let p be 1785/28*16/6. Suppose 0 = -4*h + 5*w + 136, 2*w = -5*h - 0*w + p. Calculate the rem